{"id":676,"date":"2017-11-21T15:19:36","date_gmt":"2017-11-21T14:19:36","guid":{"rendered":"http:\/\/samaniegolaw.com\/team\/"},"modified":"2024-01-11T11:56:02","modified_gmt":"2024-01-11T10:56:02","slug":"equipo-2","status":"publish","type":"page","link":"https:\/\/samaniegolaw.com\/es\/equipo-2\/","title":{"rendered":"EQUIPO"},"content":{"rendered":"<h2>Equipo<\/h2>\n<p>No hay nada nuevo en que reconocidos abogados de negocios dejen sus grandes despachos para unirse a un competidor o para crear su propio despacho. Lo que hace especial nuestro caso es que hemos decidido adoptar un modelo de negocio totalmente distinto, colaborando con otros profesionales e incorporando soluciones tecnol\u00f3gicas y de inteligencia artificial. Nuestra estructura y tama\u00f1o permiten flexibilidad a la hora de formar el equipo necesario para cada asunto, asegurando que los clientes s\u00f3lo paguen por resultados tangibles y no por horas invertidas.<\/p>\n<p>no-repeat;center top;;<\/p>\n<p>auto<\/p>\n<div class=\"animacion\">\n<div class=\"c circulo1\">\n<p><a href=\"#LegalTeam\">Equipo Legal<\/a><\/p>\n<p>&nbsp;<\/p>\n<\/div>\n<div class=\"c circulo2\">\n<p><a href=\"#LegalInterimManagement\">LIM<\/a><\/p>\n<p>&nbsp;<\/p>\n<\/div>\n<div class=\"c circulo3\">\n<p><a href=\"#NetworkAlliances\">Redes y Alianzas<\/a><\/p>\n<p>&nbsp;<\/p>\n<\/div>\n<\/div>\n<p>no-repeat;center top;;<\/p>\n<p>auto<\/p>\n<p>tile whatwedo<\/p>\n<h2 id=\"LegalTeam\">Equipo Legal<\/h2>\n<p>Tenemos un equipo legal permanente cuyos miembros han ejercido en despachos l\u00edderes en la abogac\u00eda de negocios.<\/p>\n<p>El equipo est\u00e1 liderado por <a href=\"\/es\/equipo\/javier-fernandez-samaniego\/\">Javier Fern\u00e1ndez-Samaniego<\/a>.<\/p>\n<p>no-repeat;center top;;<\/p>\n<p>auto<\/p>\n<div><img><\/div>\n<p>&nbsp;<\/p>\n<div class=\"oculto\">\n<p>Javier Fern\u00e1ndez &#8211; Samaniego<br \/>\nDirector General<\/p>\n<\/div>\n<p>&nbsp;<\/p>\n<p>no-repeat;center top;;<\/p>\n<p>auto<\/p>\n<p>rollover<\/p>\n<div><img><\/div>\n<p>&nbsp;<\/p>\n<div class=\"oculto\">\n<p>Blas Pi\u00f1ar<br \/>\nEquipo Legal<\/p>\n<\/div>\n<p>&nbsp;<\/p>\n<p>no-repeat;center top;;<\/p>\n<p>auto<\/p>\n<p>rollover<\/p>\n<p>default<\/p>\n<p>no-repeat;center top;;<\/p>\n<p>auto<\/p>\n<div><img><\/div>\n<p>&nbsp;<\/p>\n<div class=\"oculto\">\n<p>Daniela Pretus<br \/>\nEquipo Legal &#8211; USA<\/p>\n<\/div>\n<p>&nbsp;<\/p>\n<p>no-repeat;center top;;<\/p>\n<p>auto<\/p>\n<p>rollover<\/p>\n<p>default<\/p>\n<h2 id=\"LegalInterimManagement\">Legal Interim Managers<\/h2>\n<p>A lo largo de los a\u00f1os hemos construido una red de LIMers de confianza compuesta por profesionales de gran talento con distintos niveles de experiencia y una gama de habilidades especializadas. Nuestra red abarca desde asociados millenials que quieren trabajar en un ambiente innovador, a destacados colegas s\u00e9nior que, superados los 60, est\u00e1n dispuestos a trabajar en un rol de LIMer como el que mejor se ajusta a sus carreras.<\/p>\n<p>no-repeat;center top;;<\/p>\n<p>auto<\/p>\n<div><img><\/div>\n<div class=\"oculto gris\">\n<div class=\"imagen-oculto\"><a href=\"http:\/\/www.iterlegis.es\/es\/equipo\/madrid\/perez_navarro\" target=\"_blank\" rel=\"noopener\"><br \/>\n<img><br \/>\n<\/a><\/div>\n<\/div>\n<p>no-repeat;center top;;<\/p>\n<p>auto<\/p>\n<p>rollover<\/p>\n<p>default<\/p>\n<h2 id=\"NetworkAlliances\">Redes y Alianzas<\/h2>\n<p>Resultado de nuestra alianza con <a href=\"https:\/\/www.unitedlex.com\/\" target=\"_blank\" rel=\"noopener\">United Lex<\/a> tenemos el respaldo y el apoyo de algunos de los proveedores l\u00edderes de soluciones jur\u00eddicas y empresariales basadas en la tecnolog\u00eda y la inteligencia artificial.<\/p>\n<p>Co-asesoramos con una destacada red de consultores s\u00e9nior que incluye: abogados altamente especializados en pr\u00e1cticas concretas, abogados extranjeros, lobistas profesionales registrados, consultores estrat\u00e9gicos, gestores de proyectos y otros asesores complementarios que facilitan a nuestros clientes un servicio virtual e imparcial que evita la falta de flexibilidad que com\u00fanmente se experimenta trabajando con despachos tradicionales.<\/p>\n<p>no-repeat;center top;;<\/p>\n<p>auto<\/p>\n<div><img><\/div>\n<p>&nbsp;<\/p>\n<div class=\"oculto\">\n<p>Manuel Esteban<\/p>\n<\/div>\n<p>&nbsp;<\/p>\n<p>no-repeat;center top;;<\/p>\n<p>auto<\/p>\n<p>rollover<\/p>\n<div><img><\/div>\n<p>&nbsp;<\/p>\n<div class=\"oculto\">\n<p>UnitedLex<\/p>\n<\/div>\n<p>&nbsp;<\/p>\n<p>no-repeat;center top;;<\/p>\n<p>auto<\/p>\n<p>rollover<\/p>\n<p>default<\/p>\n<h2 id=\"NetworkAlliances\">Desarrollo Corporativo<\/h2>\n<p>right<\/p>\n<p>no-repeat;center top;;<\/p>\n<p>auto<\/p>\n<p>0px 40px 0px 0px<\/p>\n<div><img><\/div>\n<p>&nbsp;<\/p>\n<div class=\"oculto\">\n<p>Maria Meshcherskaya<\/p>\n<\/div>\n<p>&nbsp;<\/p>\n<p>no-repeat;center top;;<\/p>\n<p>auto<\/p>\n<p>rollover<\/p>\n","protected":false},"excerpt":{"rendered":"<p>Equipo No hay nada nuevo en que reconocidos abogados de negocios dejen sus grandes despachos para unirse a un competidor o para crear su propio despacho.<span class=\"excerpt-hellip\"> [\u2026]<\/span><\/p>\n","protected":false},"author":2,"featured_media":0,"parent":0,"menu_order":11,"comment_status":"closed","ping_status":"closed","template":"","meta":{"footnotes":""},"class_list":["post-676","page","type-page","status-publish","hentry"],"_links":{"self":[{"href":"https:\/\/samaniegolaw.com\/es\/wp-json\/wp\/v2\/pages\/676","targetHints":{"allow":["GET"]}}],"collection":[{"href":"https:\/\/samaniegolaw.com\/es\/wp-json\/wp\/v2\/pages"}],"about":[{"href":"https:\/\/samaniegolaw.com\/es\/wp-json\/wp\/v2\/types\/page"}],"author":[{"embeddable":true,"href":"https:\/\/samaniegolaw.com\/es\/wp-json\/wp\/v2\/users\/2"}],"replies":[{"embeddable":true,"href":"https:\/\/samaniegolaw.com\/es\/wp-json\/wp\/v2\/comments?post=676"}],"version-history":[{"count":15,"href":"https:\/\/samaniegolaw.com\/es\/wp-json\/wp\/v2\/pages\/676\/revisions"}],"predecessor-version":[{"id":3376,"href":"https:\/\/samaniegolaw.com\/es\/wp-json\/wp\/v2\/pages\/676\/revisions\/3376"}],"wp:attachment":[{"href":"https:\/\/samaniegolaw.com\/es\/wp-json\/wp\/v2\/media?parent=676"}],"curies":[{"name":"wp","href":"https:\/\/api.w.org\/{rel}","templated":true}]}}

<h2>Equipo</h2>
<p>No hay nada nuevo en que reconocidos abogados de negocios dejen sus grandes despachos para unirse a un competidor o para crear su propio despacho. Lo que hace especial nuestro caso es que hemos decidido adoptar un modelo de negocio totalmente distinto, colaborando con otros profesionales e incorporando soluciones tecnológicas y de inteligencia artificial. Nuestra estructura y tamaño permiten flexibilidad a la hora de formar el equipo necesario para cada asunto, asegurando que los clientes sólo paguen por resultados tangibles y no por horas invertidas.</p>
<p>no-repeat;center top;;</p>
<p>auto</p>
<div class="animacion">
<div class="c circulo1">
<p><a href="#LegalTeam">Equipo Legal</a></p>
<p>&nbsp;</p>
</div>
<div class="c circulo2">
<p><a href="#LegalInterimManagement">LIM</a></p>
<p>&nbsp;</p>
</div>
<div class="c circulo3">
<p><a href="#NetworkAlliances">Redes y Alianzas</a></p>
<p>&nbsp;</p>
</div>
</div>
<p>no-repeat;center top;;</p>
<p>auto</p>
<p>tile whatwedo</p>
<h2 id="LegalTeam">Equipo Legal</h2>
<p>Tenemos un equipo legal permanente cuyos miembros han ejercido en despachos líderes en la abogacía de negocios.</p>
<p>El equipo está liderado por <a href="/es/equipo/javier-fernandez-samaniego/">Javier Fernández-Samaniego</a>.</p>
<p>no-repeat;center top;;</p>
<p>auto</p>
<div><img></div>
<p>&nbsp;</p>
<div class="oculto">
<p>Javier Fernández &#8211; Samaniego<br />
Director General</p>
</div>
<p>&nbsp;</p>
<p>no-repeat;center top;;</p>
<p>auto</p>
<p>rollover</p>
<div><img></div>
<p>&nbsp;</p>
<div class="oculto">
<p>Blas Piñar<br />
Equipo Legal</p>
</div>
<p>&nbsp;</p>
<p>no-repeat;center top;;</p>
<p>auto</p>
<p>rollover</p>
<p>default</p>
<p>no-repeat;center top;;</p>
<p>auto</p>
<div><img></div>
<p>&nbsp;</p>
<div class="oculto">
<p>Daniela Pretus<br />
Equipo Legal &#8211; USA</p>
</div>
<p>&nbsp;</p>
<p>no-repeat;center top;;</p>
<p>auto</p>
<p>rollover</p>
<p>default</p>
<h2 id="LegalInterimManagement">Legal Interim Managers</h2>
<p>A lo largo de los años hemos construido una red de LIMers de confianza compuesta por profesionales de gran talento con distintos niveles de experiencia y una gama de habilidades especializadas. Nuestra red abarca desde asociados millenials que quieren trabajar en un ambiente innovador, a destacados colegas sénior que, superados los 60, están dispuestos a trabajar en un rol de LIMer como el que mejor se ajusta a sus carreras.</p>
<p>no-repeat;center top;;</p>
<p>auto</p>
<div><img></div>
<div class="oculto gris">
<div class="imagen-oculto"><a href="http://www.iterlegis.es/es/equipo/madrid/perez_navarro" target="_blank" rel="noopener"><br />
<img><br />
</a></div>
</div>
<p>no-repeat;center top;;</p>
<p>auto</p>
<p>rollover</p>
<p>default</p>
<h2 id="NetworkAlliances">Redes y Alianzas</h2>
<p>Resultado de nuestra alianza con <a href="https://www.unitedlex.com/" target="_blank" rel="noopener">United Lex</a> tenemos el respaldo y el apoyo de algunos de los proveedores líderes de soluciones jurídicas y empresariales basadas en la tecnología y la inteligencia artificial.</p>
<p>Co-asesoramos con una destacada red de consultores sénior que incluye: abogados altamente especializados en prácticas concretas, abogados extranjeros, lobistas profesionales registrados, consultores estratégicos, gestores de proyectos y otros asesores complementarios que facilitan a nuestros clientes un servicio virtual e imparcial que evita la falta de flexibilidad que comúnmente se experimenta trabajando con despachos tradicionales.</p>
<p>no-repeat;center top;;</p>
<p>auto</p>
<div><img></div>
<p>&nbsp;</p>
<div class="oculto">
<p>Manuel Esteban</p>
</div>
<p>&nbsp;</p>
<p>no-repeat;center top;;</p>
<p>auto</p>
<p>rollover</p>
<div><img></div>
<p>&nbsp;</p>
<div class="oculto">
<p>UnitedLex</p>
</div>
<p>&nbsp;</p>
<p>no-repeat;center top;;</p>
<p>auto</p>
<p>rollover</p>
<p>default</p>
<h2 id="NetworkAlliances">Desarrollo Corporativo</h2>
<p>right</p>
<p>no-repeat;center top;;</p>
<p>auto</p>
<p>0px 40px 0px 0px</p>
<div><img></div>
<p>&nbsp;</p>
<div class="oculto">
<p>Maria Meshcherskaya</p>
</div>
<p>&nbsp;</p>
<p>no-repeat;center top;;</p>
<p>auto</p>
<p>rollover</p>
