{"id":786,"date":"2018-01-22T12:01:06","date_gmt":"2018-01-22T11:01:06","guid":{"rendered":"http:\/\/samaniegolaw.com\/equipo\/manuel-esteban\/"},"modified":"2021-10-14T09:58:49","modified_gmt":"2021-10-14T08:58:49","slug":"manuel-esteban","status":"publish","type":"page","link":"https:\/\/samaniegolaw.com\/es\/equipo-2\/manuel-esteban\/","title":{"rendered":"Manuel Esteban"},"content":{"rendered":"<h2>Equipo<\/h2>\n<p>no-repeat;center top;;<\/p>\n<p>auto<\/p>\n<p class=\"enlace\"><a href=\"\/es\/equipo\">Volver al Equipo<\/a><\/p>\n<p>no-repeat;center top;;<\/p>\n<p>auto<\/p>\n<h2 id=\"LegalTeam\">Manuel Esteban<\/h2>\n<p>no-repeat;center top;;<\/p>\n<p>auto<\/p>\n<p><img decoding=\"async\" src=\"\" alt=\"\"><\/p>\n<div class=\"links\">\n<p><a href=\"https:\/\/www.linkedin.com\/in\/manuel-esteban-2018\/\" target=\"_blank\" rel=\"noopener\"><img decoding=\"async\" src=\"&gt;&lt;\/a&gt;&lt;\/p&gt;\n&lt;p&gt;&lt;a href=\" wp-content=\"\" uploads=\"\" 2018=\"\" 05=\"\" manuelesteban_cv_may18_web_spa-1.pdf\"=\"\" target=\"_blank\"><img decoding=\"async\" src=\"&gt; &lt;span&gt;CV&lt;\/span&gt;&lt;\/a&gt;&lt;\/p&gt;\n&lt;p&gt;&lt;a href=\" wp-content=\"\" uploads=\"\" 2018=\"\" 01=\"\" manuel-esteban-caballero.vcf\"=\"\" target=\"_blank\" \"=\"\"><img decoding=\"async\" src=\"&gt; &lt;span&gt;VCard&lt;\/span&gt;&lt;\/a&gt;&lt;\/p&gt;\n&lt;\/div&gt;\n&lt;div class=\" info\"=\"\"><br \/>\n<\/a><\/p>\n<p class=\"email\"><a href=\"mailto:manuel.esteban@samaniegolaw.com\">manuel.esteban@samaniegolaw.com<\/a><\/p>\n<p class=\"tlf\">+34 670 72 91 35<\/p>\n<\/div>\n<p>no-repeat;center top;;<\/p>\n<p>auto<\/p>\n<p><strong>Manuel  Esteban <\/strong>es responsable del departamento de Legal Tech y soluciones de  Inteligencia Artificial en SAMANIEGO Law y tambi\u00e9n coordina los proyectos  tecnol\u00f3gicos de nuestra alianza con <a href=\"https:\/\/www.unitedlex.com\/\" target=\"_blank\" rel=\"noopener\">United  Lex<\/a>. Matem\u00e1tico y m\u00e1ster en Inteligencia Artificial, Manuel combina unas  excepcionales conocimientos tecnol\u00f3gicos con contrastadas habilidades  empresariales.<\/p>\n<p>A finales de los a\u00f1os noventa Manuel fund\u00f3 una consultor\u00eda de IT, que, en alianza con el despacho con el que en aquella \u00e9poca colaboraba Javier Fern\u00e1ndez-Samaniego, se dedic\u00f3 a dar soluciones de Compliance en la materia de Protecci\u00f3n de Datos (espec\u00edficamente relevantes al cumplimiento con las primeras regulaciones en Medidas de Seguridad aprobadas en Espa\u00f1a). Desde entonces, Manuel est\u00e1 comprometido en ofrecer soluciones tangibles para los desaf\u00edos actuales de los negocios en proyectos G de Transformaci\u00f3n Digital, GDPR\/RGPD,  Big Data y Monetizaci\u00f3n de Datos, aprovechando los conocimientos m\u00e1s recientes en tecnolog\u00eda, modelos anal\u00edticos y ciencias cognitivas.<\/p>\n<p class=\"blue-title\">Especializaci\u00f3n y carrera hasta la fecha<\/p>\n<p>En los \u00faltimos tres a\u00f1os Manuel ha actuado como consultor independiente para empresas multinacionales.<\/p>\n<p>Tambi\u00e9n ha ayudado a desarrollar el cumplimiento con el RGPD\/GDPR y sobre soluciones de EIP\/PIAs (Evaluaciones de Impacto sobre Privacidad). Previamente, Manuel trabaj\u00f3 durante doce a\u00f1os en Experian Marketing Services donde su \u00faltimo puesto fue el de Director General de Decision Analytics y miembro del Comit\u00e9 Ejecutivo. Con anterioridad, Manuel fue Director General y Socio en Item Consulting y en Mosaic Iberia \u2014dos empresas pioneras en soluciones globales de marketing y sistemas de informaci\u00f3n.<\/p>\n<p class=\"blue-title\">Formaci\u00f3n<\/p>\n<p>Manuel es licenciado en Matem\u00e1ticas por la Universidad Complutense de Madrid (especialidad en Ciencias Inform\u00e1ticas) y tiene un M\u00e1ster en Inteligencia Artificial de la Universidad Polit\u00e9cnica de Madrid. Es creador de la Metodolog\u00eda de Sistemas Integrales de Informaci\u00f3n, MSID.<\/p>\n<p class=\"blue-title\">Otra informaci\u00f3n Relevante<\/p>\n<p>Manuel colabora tanto con Universidades espa\u00f1olas como con universidades extranjeras incluyendo la UCM, UPM, la Universidad Carlos III, la Pompeu i Fabra, el Instituto de Empresa, ICEMD y el ESIC. Manuel es ponente en conferencias internacionales, miembro de asociaciones profesionales de gran relevancia y autor de numerosas publicaciones en prensa especializada. Manuel trabaja en espa\u00f1ol, ingl\u00e9s y franc\u00e9s.<\/p>\n<p>no-repeat;center top;;<\/p>\n<p>auto<\/p>\n","protected":false},"excerpt":{"rendered":"<p>Equipo no-repeat;center top;; auto Volver al Equipo no-repeat;center top;; auto Manuel Esteban no-repeat;center top;; auto manuel.esteban@samaniegolaw.com +34 670 72 91 35 no-repeat;center top;; auto Manuel Esteban<span class=\"excerpt-hellip\"> [\u2026]<\/span><\/p>\n","protected":false},"author":1,"featured_media":0,"parent":676,"menu_order":0,"comment_status":"closed","ping_status":"closed","template":"","meta":{"footnotes":""},"class_list":["post-786","page","type-page","status-publish","hentry"],"_links":{"self":[{"href":"https:\/\/samaniegolaw.com\/es\/wp-json\/wp\/v2\/pages\/786","targetHints":{"allow":["GET"]}}],"collection":[{"href":"https:\/\/samaniegolaw.com\/es\/wp-json\/wp\/v2\/pages"}],"about":[{"href":"https:\/\/samaniegolaw.com\/es\/wp-json\/wp\/v2\/types\/page"}],"author":[{"embeddable":true,"href":"https:\/\/samaniegolaw.com\/es\/wp-json\/wp\/v2\/users\/1"}],"replies":[{"embeddable":true,"href":"https:\/\/samaniegolaw.com\/es\/wp-json\/wp\/v2\/comments?post=786"}],"version-history":[{"count":13,"href":"https:\/\/samaniegolaw.com\/es\/wp-json\/wp\/v2\/pages\/786\/revisions"}],"predecessor-version":[{"id":3413,"href":"https:\/\/samaniegolaw.com\/es\/wp-json\/wp\/v2\/pages\/786\/revisions\/3413"}],"up":[{"embeddable":true,"href":"https:\/\/samaniegolaw.com\/es\/wp-json\/wp\/v2\/pages\/676"}],"wp:attachment":[{"href":"https:\/\/samaniegolaw.com\/es\/wp-json\/wp\/v2\/media?parent=786"}],"curies":[{"name":"wp","href":"https:\/\/api.w.org\/{rel}","templated":true}]}}

<h2>Equipo</h2>
<p>no-repeat;center top;;</p>
<p>auto</p>
<p class="enlace"><a href="/es/equipo">Volver al Equipo</a></p>
<p>no-repeat;center top;;</p>
<p>auto</p>
<h2 id="LegalTeam">Manuel Esteban</h2>
<p>no-repeat;center top;;</p>
<p>auto</p>
<p><img decoding="async" src="" alt=""></p>
<div class="links">
<p><a href="https://www.linkedin.com/in/manuel-esteban-2018/" target="_blank" rel="noopener"><img decoding="async" src="&gt;&lt;/a&gt;&lt;/p&gt;
&lt;p&gt;&lt;a href=" wp-content="" uploads="" 2018="" 05="" manuelesteban_cv_may18_web_spa-1.pdf"="" target="_blank"><img decoding="async" src="&gt; &lt;span&gt;CV&lt;/span&gt;&lt;/a&gt;&lt;/p&gt;
&lt;p&gt;&lt;a href=" wp-content="" uploads="" 2018="" 01="" manuel-esteban-caballero.vcf"="" target="_blank" "=""><img decoding="async" src="&gt; &lt;span&gt;VCard&lt;/span&gt;&lt;/a&gt;&lt;/p&gt;
&lt;/div&gt;
&lt;div class=" info"=""><br />
</a></p>
<p class="email"><a href="mailto:manuel.esteban@samaniegolaw.com">manuel.esteban@samaniegolaw.com</a></p>
<p class="tlf">+34 670 72 91 35</p>
</div>
<p>no-repeat;center top;;</p>
<p>auto</p>
<p><strong>Manuel  Esteban </strong>es responsable del departamento de Legal Tech y soluciones de  Inteligencia Artificial en SAMANIEGO Law y también coordina los proyectos  tecnológicos de nuestra alianza con <a href="https://www.unitedlex.com/" target="_blank" rel="noopener">United  Lex</a>. Matemático y máster en Inteligencia Artificial, Manuel combina unas  excepcionales conocimientos tecnológicos con contrastadas habilidades  empresariales.</p>
<p>A finales de los años noventa Manuel fundó una consultoría de IT, que, en alianza con el despacho con el que en aquella época colaboraba Javier Fernández-Samaniego, se dedicó a dar soluciones de Compliance en la materia de Protección de Datos (específicamente relevantes al cumplimiento con las primeras regulaciones en Medidas de Seguridad aprobadas en España). Desde entonces, Manuel está comprometido en ofrecer soluciones tangibles para los desafíos actuales de los negocios en proyectos G de Transformación Digital, GDPR/RGPD,  Big Data y Monetización de Datos, aprovechando los conocimientos más recientes en tecnología, modelos analíticos y ciencias cognitivas.</p>
<p class="blue-title">Especialización y carrera hasta la fecha</p>
<p>En los últimos tres años Manuel ha actuado como consultor independiente para empresas multinacionales.</p>
<p>También ha ayudado a desarrollar el cumplimiento con el RGPD/GDPR y sobre soluciones de EIP/PIAs (Evaluaciones de Impacto sobre Privacidad). Previamente, Manuel trabajó durante doce años en Experian Marketing Services donde su último puesto fue el de Director General de Decision Analytics y miembro del Comité Ejecutivo. Con anterioridad, Manuel fue Director General y Socio en Item Consulting y en Mosaic Iberia —dos empresas pioneras en soluciones globales de marketing y sistemas de información.</p>
<p class="blue-title">Formación</p>
<p>Manuel es licenciado en Matemáticas por la Universidad Complutense de Madrid (especialidad en Ciencias Informáticas) y tiene un Máster en Inteligencia Artificial de la Universidad Politécnica de Madrid. Es creador de la Metodología de Sistemas Integrales de Información, MSID.</p>
<p class="blue-title">Otra información Relevante</p>
<p>Manuel colabora tanto con Universidades españolas como con universidades extranjeras incluyendo la UCM, UPM, la Universidad Carlos III, la Pompeu i Fabra, el Instituto de Empresa, ICEMD y el ESIC. Manuel es ponente en conferencias internacionales, miembro de asociaciones profesionales de gran relevancia y autor de numerosas publicaciones en prensa especializada. Manuel trabaja en español, inglés y francés.</p>
<p>no-repeat;center top;;</p>
<p>auto</p>
