{"id":1505,"date":"2018-01-22T12:01:06","date_gmt":"2018-01-22T11:01:06","guid":{"rendered":"http:\/\/samaniegolaw.com\/equipe\/manuel-esteban\/"},"modified":"2021-10-14T10:15:21","modified_gmt":"2021-10-14T09:15:21","slug":"manuel-esteban","status":"publish","type":"page","link":"https:\/\/samaniegolaw.com\/fr\/equipe\/manuel-esteban\/","title":{"rendered":"Manuel Esteban"},"content":{"rendered":"<h2>Equipe<\/h2>\n<p>no-repeat;center top;;<\/p>\n<p>auto<\/p>\n<p class=\"enlace\"><a href=\"\/fr\/equipe\">Back to Team<\/a><\/p>\n<p>no-repeat;center top;;<\/p>\n<p>auto<\/p>\n<h2 id=\"LegalTeam\">Manuel Esteban<\/h2>\n<p>no-repeat;center top;;<\/p>\n<p>auto<\/p>\n<p><img decoding=\"async\" src=\"\" alt=\"\"><\/p>\n<div class=\"links\">\n<p><a href=\"https:\/\/www.linkedin.com\/in\/manuel-esteban-2018\/\" target=\"_blank\" rel=\"noopener\"><img decoding=\"async\" src=\"&gt;&lt;\/a&gt;&lt;\/p&gt;\n&lt;p&gt;&lt;a href=\" wp-content=\"\" uploads=\"\" 2018=\"\" 08=\"\" manuelesteban_cv_fr.pdf\"=\"\" target=\"_blank\"><img decoding=\"async\" src=\"&gt; &lt;span&gt;CV&lt;\/span&gt;&lt;\/a&gt;&lt;\/p&gt;\n&lt;p&gt;&lt;a href=\" wp-content=\"\" uploads=\"\" 2018=\"\" 01=\"\" manuel-esteban-caballero.vcf\"=\"\" target=\"_blank\" \"=\"\"><img decoding=\"async\" src=\"&gt; &lt;span&gt;VCard&lt;\/span&gt;&lt;\/a&gt;&lt;\/p&gt;\n&lt;\/div&gt;\n&lt;div class=\" info\"=\"\"><br \/>\n<\/a><\/p>\n<p class=\"email\"><a href=\"mailto:manuel.esteban@samaniegolaw.com\">manuel.esteban@samaniegolaw.com<\/a><\/p>\n<p class=\"tlf\">+34 670 72 91 35<\/p>\n<\/div>\n<p>no-repeat;center top;;<\/p>\n<p>auto<\/p>\n<p><strong>Manuel Esteban<\/strong> est responsable du d\u00e9partement de Legal Tech et solutions d&rsquo;Intelligence Artificielle chez SAMANIEGO Law et coordonne \u00e9galement les projets technologiques de notre partenariat avec United Lex. Math\u00e9maticien et titulaire d&rsquo;un master en Intelligence Artificielle, Manuel conjugue habilement ses connaissances technologiques exceptionnelles avec son grand savoir-faire entrepreneurial.<\/p>\n<p>A la fin des ann\u00e9es 90, Manuel a cr\u00e9\u00e9 une soci\u00e9t\u00e9 de conseil en informatique qui, en partenariat avec le cabinet avec lequel Javier Fern\u00e1ndez-Samaniego collaborait \u00e0 l&rsquo;\u00e9poque, se consacrait \u00e0 fournir des solutions de Compliance dans le domaine de la protection des donn\u00e9es (plus particuli\u00e8rement dans le respect des premi\u00e8res r\u00e9glementations approuv\u00e9es en Espagne en mati\u00e8re de mesures de s\u00e9curit\u00e9).<\/p>\n<p>Depuis, Manuel s&rsquo;est engag\u00e9 \u00e0 fournir des solutions tangibles aux d\u00e9fis commerciaux actuels \u00e0 travers des projets G de Transformation Num\u00e9rique, GDPR\/RGPD, Big Data et de mon\u00e9tisation des donn\u00e9es, en exploitant les d\u00e9couvertes les plus r\u00e9centes en technologie, mod\u00e8les analytiques et sciences cognitives.<\/p>\n<p class=\"blue-title\">Expertise et parcours professionnel<\/p>\n<p>Au cours des trois derni\u00e8res ann\u00e9es, Manuel a exerc\u00e9 en tant que consultant ind\u00e9pendant pour des soci\u00e9t\u00e9s multinationales.<\/p>\n<p>Il a \u00e9galement contribu\u00e9 \u00e0 assurer la bonne application du RGPD et \u00e0 \u00e9laborer des solutions d&rsquo;\u00e9valuation des facteurs relatifs \u00e0 la vie priv\u00e9e (EFVP). Auparavant, Manuel a travaill\u00e9 pendant douze ans chez Experian Marketing Services o\u00f9 son dernier poste \u00e9tait celui de Directeur G\u00e9n\u00e9ral de Decision Analytics et membre du Comit\u00e9 Ex\u00e9cutif. Pr\u00e9c\u00e9demment, Manuel \u00e9tait Directeur G\u00e9n\u00e9ral et Associ\u00e9 chez Item Consulting et Mosaic Iberia &#8211; deux soci\u00e9t\u00e9s pionni\u00e8res en mati\u00e8re de syst\u00e8mes d&rsquo;information et de solutions marketing globales.<\/p>\n<p class=\"blue-title\">Formation professionnelle<\/p>\n<p>Manuel est titulaire d\u2019un dipl\u00f4me en math\u00e9matiques de l\u2019Universit\u00e9 Complutense de Madrid (sp\u00e9cialis\u00e9 en Sciences de l\u2019informatique)et d\u2019un master en Intelligence Artificielle \u00e0 l\u2019Universit\u00e9 Polytechnique de Madrid. Il est le cr\u00e9ateur de la M\u00e9thodologie du Syst\u00e8mes Int\u00e9graux d\u2019Information (MSID).<\/p>\n<p class=\"blue-title\">Autres informations pertinentes<\/p>\n<p>Manuel collabore aussi bien avec des universit\u00e9s espagnoles qu&rsquo;avec des universit\u00e9s \u00e9trang\u00e8res comme UCM, UPM, Universidad Carlos III, Pompeu i Fabra, Instituto de Empresa, ICEMD et ESIC. Manuel intervient lors de conf\u00e9rences internationales. En outre, il est membre d&rsquo;importantes associations professionnelles ainsi que l&rsquo;auteur de nombreuses publications dans la presse sp\u00e9cialis\u00e9e. Manuel travaille en espagnol, anglais et fran\u00e7ais.<\/p>\n<p>no-repeat;center top;;<\/p>\n<p>auto<\/p>\n","protected":false},"excerpt":{"rendered":"<p>Equipe no-repeat;center top;; auto Back to Team no-repeat;center top;; auto Manuel Esteban no-repeat;center top;; auto manuel.esteban@samaniegolaw.com +34 670 72 91 35 no-repeat;center top;; auto Manuel Esteban<span class=\"excerpt-hellip\"> [\u2026]<\/span><\/p>\n","protected":false},"author":1,"featured_media":0,"parent":1409,"menu_order":0,"comment_status":"closed","ping_status":"closed","template":"","meta":{"footnotes":""},"class_list":["post-1505","page","type-page","status-publish","hentry"],"_links":{"self":[{"href":"https:\/\/samaniegolaw.com\/fr\/wp-json\/wp\/v2\/pages\/1505","targetHints":{"allow":["GET"]}}],"collection":[{"href":"https:\/\/samaniegolaw.com\/fr\/wp-json\/wp\/v2\/pages"}],"about":[{"href":"https:\/\/samaniegolaw.com\/fr\/wp-json\/wp\/v2\/types\/page"}],"author":[{"embeddable":true,"href":"https:\/\/samaniegolaw.com\/fr\/wp-json\/wp\/v2\/users\/1"}],"replies":[{"embeddable":true,"href":"https:\/\/samaniegolaw.com\/fr\/wp-json\/wp\/v2\/comments?post=1505"}],"version-history":[{"count":7,"href":"https:\/\/samaniegolaw.com\/fr\/wp-json\/wp\/v2\/pages\/1505\/revisions"}],"predecessor-version":[{"id":3417,"href":"https:\/\/samaniegolaw.com\/fr\/wp-json\/wp\/v2\/pages\/1505\/revisions\/3417"}],"up":[{"embeddable":true,"href":"https:\/\/samaniegolaw.com\/fr\/wp-json\/wp\/v2\/pages\/1409"}],"wp:attachment":[{"href":"https:\/\/samaniegolaw.com\/fr\/wp-json\/wp\/v2\/media?parent=1505"}],"curies":[{"name":"wp","href":"https:\/\/api.w.org\/{rel}","templated":true}]}}

<h2>Equipe</h2>
<p>no-repeat;center top;;</p>
<p>auto</p>
<p class="enlace"><a href="/fr/equipe">Back to Team</a></p>
<p>no-repeat;center top;;</p>
<p>auto</p>
<h2 id="LegalTeam">Manuel Esteban</h2>
<p>no-repeat;center top;;</p>
<p>auto</p>
<p><img decoding="async" src="" alt=""></p>
<div class="links">
<p><a href="https://www.linkedin.com/in/manuel-esteban-2018/" target="_blank" rel="noopener"><img decoding="async" src="&gt;&lt;/a&gt;&lt;/p&gt;
&lt;p&gt;&lt;a href=" wp-content="" uploads="" 2018="" 08="" manuelesteban_cv_fr.pdf"="" target="_blank"><img decoding="async" src="&gt; &lt;span&gt;CV&lt;/span&gt;&lt;/a&gt;&lt;/p&gt;
&lt;p&gt;&lt;a href=" wp-content="" uploads="" 2018="" 01="" manuel-esteban-caballero.vcf"="" target="_blank" "=""><img decoding="async" src="&gt; &lt;span&gt;VCard&lt;/span&gt;&lt;/a&gt;&lt;/p&gt;
&lt;/div&gt;
&lt;div class=" info"=""><br />
</a></p>
<p class="email"><a href="mailto:manuel.esteban@samaniegolaw.com">manuel.esteban@samaniegolaw.com</a></p>
<p class="tlf">+34 670 72 91 35</p>
</div>
<p>no-repeat;center top;;</p>
<p>auto</p>
<p><strong>Manuel Esteban</strong> est responsable du département de Legal Tech et solutions d&rsquo;Intelligence Artificielle chez SAMANIEGO Law et coordonne également les projets technologiques de notre partenariat avec United Lex. Mathématicien et titulaire d&rsquo;un master en Intelligence Artificielle, Manuel conjugue habilement ses connaissances technologiques exceptionnelles avec son grand savoir-faire entrepreneurial.</p>
<p>A la fin des années 90, Manuel a créé une société de conseil en informatique qui, en partenariat avec le cabinet avec lequel Javier Fernández-Samaniego collaborait à l&rsquo;époque, se consacrait à fournir des solutions de Compliance dans le domaine de la protection des données (plus particulièrement dans le respect des premières réglementations approuvées en Espagne en matière de mesures de sécurité).</p>
<p>Depuis, Manuel s&rsquo;est engagé à fournir des solutions tangibles aux défis commerciaux actuels à travers des projets G de Transformation Numérique, GDPR/RGPD, Big Data et de monétisation des données, en exploitant les découvertes les plus récentes en technologie, modèles analytiques et sciences cognitives.</p>
<p class="blue-title">Expertise et parcours professionnel</p>
<p>Au cours des trois dernières années, Manuel a exercé en tant que consultant indépendant pour des sociétés multinationales.</p>
<p>Il a également contribué à assurer la bonne application du RGPD et à élaborer des solutions d&rsquo;évaluation des facteurs relatifs à la vie privée (EFVP). Auparavant, Manuel a travaillé pendant douze ans chez Experian Marketing Services où son dernier poste était celui de Directeur Général de Decision Analytics et membre du Comité Exécutif. Précédemment, Manuel était Directeur Général et Associé chez Item Consulting et Mosaic Iberia &#8211; deux sociétés pionnières en matière de systèmes d&rsquo;information et de solutions marketing globales.</p>
<p class="blue-title">Formation professionnelle</p>
<p>Manuel est titulaire d’un diplôme en mathématiques de l’Université Complutense de Madrid (spécialisé en Sciences de l’informatique)et d’un master en Intelligence Artificielle à l’Université Polytechnique de Madrid. Il est le créateur de la Méthodologie du Systèmes Intégraux d’Information (MSID).</p>
<p class="blue-title">Autres informations pertinentes</p>
<p>Manuel collabore aussi bien avec des universités espagnoles qu&rsquo;avec des universités étrangères comme UCM, UPM, Universidad Carlos III, Pompeu i Fabra, Instituto de Empresa, ICEMD et ESIC. Manuel intervient lors de conférences internationales. En outre, il est membre d&rsquo;importantes associations professionnelles ainsi que l&rsquo;auteur de nombreuses publications dans la presse spécialisée. Manuel travaille en espagnol, anglais et français.</p>
<p>no-repeat;center top;;</p>
<p>auto</p>
